. Let p be u(-15). Let m = g - p. List the prime factors of m.
2, 5
Let q(g) = 48*g + 21. Let b be q(4). What are the prime factors of b - 2 - (-6)/3?
3, 71
Suppose 136*p - 130*p - 126 = 0. Let v = 29 + -12. Suppose -v*h + p*h - 492 = 0. List the prime factors of h.
3, 41
Let m(h) = 27*h - 93. Let g(w) = -3*w - 8*w + 46 + 3*w - 5*w. Let s(r) = 5*g(r) + 3*m(r). List the prime factors of s(14).
5, 7
Let b(q) = -10 + 7*q**2 - 2*q - 6 + 26. List the prime factors of b(2).
2, 17
Suppose 0 = -4*w + 944 - 5292. Let j = w + 1656. What are the prime factors of j?
569
List the prime factors of 33*2*35675/75.
2, 11, 1427
Let p(l) = -2*l**2 - 10*l + 22. Let t(s) = -5*s**2 - 29*s + 67. Let j(z) = 8*p(z) - 3*t(z). Let v be j(-11). Let q = -125 - v. What are the prime factors of q?
2, 7
Suppose -7*t - 10944 = -34275. Let m = 4989 - t. What are the prime factors of m?
2, 3, 23
Suppose 2*y - 10 = -2*x, 3*y - 6*x = -3*x + 45. Let w = y + 80. What are the prime factors of w?
2, 3, 5
Suppose -7*d = 5*r - 12*d - 24935, -2*r - 2*d = -9962. What are the prime factors of r?
2, 7, 89
Suppose -16*o + 0*o = -800. Suppose 59*h - 9783 = o*h. List the prime factors of h.
1087
Suppose -3842 = q + 2*q - 2*r, -3*q + 3*r = 3840. Let w = q + 1807. What are the prime factors of w?
3, 5, 7
Let v = 4 + 9. Let t be 10/4 + v/26. Suppose 2*o = t*f - 277, 5*f - 179 - 280 = 2*o. What are the prime factors of f?
7, 13
Let k = 10357 + 12883. List the prime factors of k.
2, 5, 7, 83
Let r = -672 + 1830. List the prime factors of r.
2, 3, 193
Suppose -1757 = 4*v - 27317. Suppose 68*x + v = 77*x. List the prime factors of x.
2, 5, 71
Let q be 29/(-2)*-3*2. Suppose 0 = -q*j + 83*j. Suppose -4*s - 3*r + 731 = -j*s, -r = 3*s - 552. What are the prime factors of s?
5, 37
Suppose -h = 2*t + 2*h - 15, -3*h = -t - 15. Let q be t + 2/8 - 18552/96. Let c = q + 344. What are the prime factors of c?
151
Suppose 5*w - 5 = 0, -1822*w = -5*n - 1826*w + 252999. List the prime factors of n.
50599
Suppose 0 = 30*v - 85 - 95. Suppose -5*m + m = -464. Suppose 0 = -v*h - m + 1280. What are the prime factors of h?
2, 97
Let v(l) = -l**2 - 9*l - 15. Let r = -26 - -20. Let o be v(r). Suppose -281 + 11 = -4*i + 2*n, -o*i + n = -200. What are the prime factors of i?
5, 13
Suppose -17*w + 15 = -12*w. Let r be -12*(w/(-9))/1. Suppose -2*i - 2*o + 20 = 0, -24 = -3*i - r*o + 7. What are the prime factors of i?
3
What are the prime factors of 6/2*2 - -3465?
3, 13, 89
Let y = 412 + 484. Suppose -16*h + 112 = -y. List the prime factors of h.
3, 7
What are the prime factors of ((-7)/(-8))/(-7) + (-416122)/336*-9?
2, 5573
Let i(o) = 32*o**3 - 2*o + 1. Let u be i(3). Let d = u + -415. What are the prime factors of d/(-9)*12/(-8)?
2, 37
Let m = -544 - -547. Suppose d + 6 = -2*d, 510 = 2*p + m*d. What are the prime factors of p?
2, 3, 43
List the prime factors of ((-102)/9)/((-26411)/(-2937) + -9).
17, 89
What are the prime factors of (19 + -21)*(-420 + 9)?
2, 3, 137
Let j be (-23)/(-4) + (-3)/(-12). Suppose 3*a - 213 = -204. Suppose 0 = a*v - q - 139, -5*v - 4*q + 233 = -j*q. List the prime factors of v.
3, 5
Suppose 3*t - 19 = -3*o - 1, 5*t = -4*o + 29. List the prime factors of 487 - (-35)/14*(1 + o).
2, 3, 41
Suppose 2*a + 1904 = 72197 - 7995. List the prime factors of a.
3, 3461
Let y(r) be the second derivative of 3*r**5/20 - 3*r**4/4 - 20*r**3/3 + r**2/2 + 9*r - 7. List the prime factors of y(9).
7, 157
Let j(s) = -4*s + 9. Let c be j(2). Suppose 2*z + 2*z + 5*g = 271, c = -g. What are the prime factors of z?
3, 23
Let g(u) = u**3 + 27*u**2 + 5. Let a be g(-27). Suppose -6*h = a*h - 3531. What are the prime factors of h?
3, 107
Let m(k) = -k**3 - 8*k**2 + 3*k + 15. Let t be m(-8). What are the prime factors of 60/t*(4 + 1240/(-25))?
2, 19
Let n = 276 + 2565. What are the prime factors of n?
3, 947
Let v(k) = 46*k**2 + 5*k + 5. Let z = 125 + -127. What are the prime factors of v(z)?
179
Suppose -91664 = 11*i + 23*i. Let x = i - -3949. What are the prime factors of x?
7, 179
Let b = 2952 - 1212. Suppose -448 = -g + 3*d, 2*d = 4*g + 3*d - b. What are the prime factors of g?
2, 109
Suppose 2*w + 9 = 1. Let g be (-5)/(10/w) - -3. What are the prime factors of -12*((-70)/3)/g?
2, 7
Let a = -65 - 4. Let h(q) = q**3 - 2*q**2 - 2*q + 2. Let k be h(6). Let m = a + k. What are the prime factors of m?
5, 13
Suppose 1 = 6*y - 7*y, 0 = -c + 4*y + 107. Suppose -10*r + 773 = c. List the prime factors of r.
67
Let l(h) be the second derivative of -19*h**3/6 - 13*h**2 - h. Let z be (1 - 0/4)*(-31 + 25). List the prime factors of l(z).
2, 11
Let y be (-2 - -328)/((-6)/27*-3). Let c = -212 + y. List the prime factors of c.
277
Let t(w) = 4*w - 34. Let j be t(13). Suppose -j*y + 6151 = 1705. What are the prime factors of y?
13, 19
Suppose 6*a - 426 = 3*a + 3*l, -3*a = 2*l - 421. Let f be a/(-15) + 6/15. List the prime factors of (752/(-12) + -2)/(6/f).
97
Let d = 38 - 31. Suppose 0 = -18*w + d*w + 77. List the prime factors of (-224 + 2)/(w + -8).
2, 3, 37
Suppose -33*c - 4 = -32*c. Let k be 12*(c + (-52)/(-12)). Suppose l - 2*q = 22, -6*q = 5*l - k*q - 146. What are the prime factors of l?
2, 7
Suppose -7*r = -1182 + 356. Let w = -59 + r. What are the prime factors of w?
59
Let g(i) = 10*i**2 + 30*i + 18. List the prime factors of g(16).
2, 11, 139
Let q = -7498 - -12931. What are the prime factors of q?
3, 1811
Suppose -6 = 2*z - 2. Let b be (144/(-120))/(z/5). List the prime factors of (b/(-9))/(6/(-594)).
3, 11
Let k(f) = f**2 + 10*f + 7. Let x be k(-9). Let q be (x + -3 + 0)*(-14)/5. Suppose -q*j - 426 = -17*j. List the prime factors of j.
2, 71
Let t = 22444 + -13044. What are the prime factors of t?
2, 5, 47
What are the prime factors of (-37487400)/(-688)*4/5?
2, 3, 5, 1453
Let l = 538 - 264. Suppose l*b - 10373 = 263*b. List the prime factors of b.
23, 41
Suppose -2*l + 133042 = -4*q, -l + 24389 + 42105 = -5*q. What are the prime factors of l?
11, 23, 263
Let m(g) be the second derivative of -3*g**3/2 + 7*g**2/2 + 19*g. Let s be m(-1). Suppose -20*r + 844 = -s*r. List the prime factors of r.
211
Let h = -108 + 110. Suppose -3*y + 5*c = -718, 2*y + h*y + 4*c = 1000. List the prime factors of y.
2, 3, 41
Let t be 410/15*(-27)/6. Let v = t + 96. Let z = 44 - v. List the prime factors of z.
71
Suppose p + 3*i - 175 = 0, 3*i - 173 = -p + 2*i. What are the prime factors of (6 + 296/(-16))*p/(-5)?
2, 5, 43
Let c be (1 - -475)/(22/121). Let q = -1380 + c. List the prime factors of q.
2, 619
Let x(y) = 239*y - 16. Let b be x(-4). Let z = -337 - b. Suppose -f + z = 2*f + 2*m, -m = f - 212. List the prime factors of f.
211
Let i(n) = -2*n**2 - 4*n + 14. Let f be i(0). List the prime factors of 4/((-4)/789*(-21)/f).
2, 263
Suppose -407*n + 5*v + 6450 = -405*n, -3*v = -6. What are the prime factors of n?
2, 5, 17, 19
Suppose 123 = 11*i + 90. Suppose 2*c = 2*x + 26, 2*x - 39 = -i*c + 5. List the prime factors of c.
2, 7
Let t(l) = -9*l + 3. Let m be t(1). Let b be (9/m + 2)*(-1 + 1). What are the prime factors of -7*((-64)/4 + -2 + b)?
2, 3, 7
Let k = 44 + -39. Suppose 0 = -k*d - 9*d + 2534. What are the prime factors of d?
181
List the prime factors of (8 + 145/(-18))*-6*(2590 + -1).
863
Let h(p) = 566*p**2 + 80*p - 365. What are the prime factors of h(4)?
9011
Suppose -184*q + 18 = -186*q, 3*m = 5*q + 89166. What are the prime factors of m?
61, 487
Let s be 49 - 4 - (-4 - -1). Let d = s - 40. Suppose 7 + d = j. What are the prime factors of j?
3, 5
List the prime factors of 6/(-15) + 3 + 1191366/90.
2, 5, 331
Suppose 3*m + 0*m = -w + 3, m + 51 = 4*w. Suppose 1 - 1 = -w*v. Suppose v = -5*g + 7*g - 298. List the prime factors of g.
149
Let j(f) = -10*f - 8. Let b be j(0). What are the prime factors of ((-5260)/b)/((-5)/(-2) - 2)?
5, 263
Let p(v) = -v**2 + 8*v - 14. Let q be p(4). Suppose q*m - 710 = 172. List the prime factors of m.
3, 7
Suppose -3*y + 43 = 5*j, 2*y - 29 = -3*j + y. Suppose -3*o - j = -41. List the prime factors of o.
2, 5
Suppose 2*m = -2*a + 6746, -13*m + 16*m + 5*a = 10113. List the prime factors of m.
2, 211
Suppose 5058 = 3*n - q, 7*q = -2*n + 6*q + 3372. Suppose -n = -5*t + 4144. List the prime factors of t.
2, 11, 53
Let f = 19454 - -12067. What are the prime factors of f?
3, 7, 19, 79
Let j(z) = 54*z + 10. Let m(i) 